{"id":6,"date":"2020-11-19T10:42:16","date_gmt":"2020-11-19T13:42:16","guid":{"rendered":"https:\/\/sancarlos.gob.ar\/plan-de-ordenamiento-territorial\/?page_id=6"},"modified":"2021-01-04T10:58:23","modified_gmt":"2021-01-04T13:58:23","slug":"inicio","status":"publish","type":"page","link":"https:\/\/sancarlos.gob.ar\/plan-de-ordenamiento-territorial\/","title":{"rendered":"Inicio"},"content":{"rendered":"\t\t<div data-elementor-type=\"wp-page\" data-elementor-id=\"6\" class=\"elementor elementor-6\">\n\t\t\t\t\t\t<section class=\"elementor-section elementor-top-section elementor-element elementor-element-b00ddb9 elementor-section-height-min-height elementor-section-boxed elementor-section-height-default elementor-section-items-middle\" data-id=\"b00ddb9\" data-element_type=\"section\" data-e-type=\"section\" data-settings=\"{&quot;background_background&quot;:&quot;classic&quot;}\">\n\t\t\t\t\t\t<div class=\"elementor-container elementor-column-gap-default\">\n\t\t\t\t\t<div class=\"elementor-column elementor-col-50 elementor-top-column elementor-element elementor-element-099cab1\" data-id=\"099cab1\" data-element_type=\"column\" data-e-type=\"column\">\n\t\t\t<div class=\"elementor-widget-wrap elementor-element-populated\">\n\t\t\t\t\t\t<div class=\"elementor-element elementor-element-6a1c4fa elementor-widget elementor-widget-text-editor\" data-id=\"6a1c4fa\" data-element_type=\"widget\" data-e-type=\"widget\" data-widget_type=\"text-editor.default\">\n\t\t\t\t<div class=\"elementor-widget-container\">\n\t\t\t\t\t\t\t\t\t<p>El <strong>ordenamiento territorial<\/strong> es la forma en que una comunidad decide ocupar, usar y cuidar su territorio, teniendo en cuenta el desarrollo de las actividades presentes y considerando las necesidades futuras en el contexto de cambio clim\u00e1tico.<\/p><p><strong>El Plan de Ordenamiento Territorial (POT)<\/strong> es el documento donde la comunidad expresa la estrategia de organizaci\u00f3n del territorio.\u00a0<\/p>\t\t\t\t\t\t\t\t<\/div>\n\t\t\t\t<\/div>\n\t\t\t\t\t<\/div>\n\t\t<\/div>\n\t\t\t\t<div class=\"elementor-column elementor-col-50 elementor-top-column elementor-element elementor-element-5edd935\" data-id=\"5edd935\" data-element_type=\"column\" data-e-type=\"column\">\n\t\t\t<div class=\"elementor-widget-wrap elementor-element-populated\">\n\t\t\t\t\t\t<div class=\"elementor-element elementor-element-6691263 elementor-widget elementor-widget-image\" data-id=\"6691263\" data-element_type=\"widget\" data-e-type=\"widget\" data-widget_type=\"image.default\">\n\t\t\t\t<div class=\"elementor-widget-container\">\n\t\t\t\t\t\t\t\t\t\t\t\t\t\t\t<img fetchpriority=\"high\" decoding=\"async\" width=\"489\" height=\"348\" src=\"https:\/\/sancarlos.gob.ar\/plan-de-ordenamiento-territorial\/wp-content\/uploads\/2020\/12\/inicio.png\" class=\"attachment-full size-full wp-image-354\" alt=\"\" srcset=\"https:\/\/sancarlos.gob.ar\/plan-de-ordenamiento-territorial\/wp-content\/uploads\/2020\/12\/inicio.png 489w, https:\/\/sancarlos.gob.ar\/plan-de-ordenamiento-territorial\/wp-content\/uploads\/2020\/12\/inicio-300x213.png 300w\" sizes=\"(max-width: 489px) 100vw, 489px\" \/>\t\t\t\t\t\t\t\t\t\t\t\t\t\t\t<\/div>\n\t\t\t\t<\/div>\n\t\t\t\t\t<\/div>\n\t\t<\/div>\n\t\t\t\t\t<\/div>\n\t\t<\/section>\n\t\t\t\t<section class=\"elementor-section elementor-top-section elementor-element elementor-element-696d1a2 elementor-section-boxed elementor-section-height-default elementor-section-height-default\" data-id=\"696d1a2\" data-element_type=\"section\" data-e-type=\"section\">\n\t\t\t\t\t\t<div class=\"elementor-container elementor-column-gap-default\">\n\t\t\t\t\t<div class=\"elementor-column elementor-col-100 elementor-top-column elementor-element elementor-element-67736b6\" data-id=\"67736b6\" data-element_type=\"column\" data-e-type=\"column\">\n\t\t\t<div class=\"elementor-widget-wrap elementor-element-populated\">\n\t\t\t\t\t\t<div class=\"elementor-element elementor-element-33572c8 elementor-widget elementor-widget-text-editor\" data-id=\"33572c8\" data-element_type=\"widget\" data-e-type=\"widget\" data-widget_type=\"text-editor.default\">\n\t\t\t\t<div class=\"elementor-widget-container\">\n\t\t\t\t\t\t\t\t\t<p>El Plan de Ordenamiento Territorial incluye las siguientes etapas:<\/p>\t\t\t\t\t\t\t\t<\/div>\n\t\t\t\t<\/div>\n\t\t\t\t<div class=\"elementor-element elementor-element-129f940 elementor-widget elementor-widget-timeline-widget-addon\" data-id=\"129f940\" data-element_type=\"widget\" data-e-type=\"widget\" data-widget_type=\"timeline-widget-addon.default\">\n\t\t\t\t<div class=\"elementor-widget-container\">\n\t\t\t\t\t<!-- ========= Timeline Widget Addon For Elementor 1.6.24 ========= -->\n<div id=\"twae-wrapper-129f940\" class=\"twae-vertical twae-wrapper  twae-vertical-right\">   \n    <div class=\"twae-start\"><\/div>    \n    <div id=\"twea-timeline-129f940\" class=\"twae-timeline\" ><!-- Start of Story Repeater Content --><div id=\"story-1c67e7e\" class=\"twae-story twae-repeater-item twae-story-right twae-story-no-icon\"><!-- Story Label --><div class=\"twae-labels\"><div class=\"twae-label-big\">ETAPA 1<\/div><\/div><!-- Story Icon --><div class=\"twae-icon\"><\/div><!-- Story Arrow --><div class=\"twae-arrow\"><\/div><!-- Start of Story Content --><div class=\"twae-content\"><!-- Story Title --><div class=\"twae-title\">Elaborar el Diagn\u00f3stico de la Situaci\u00f3n Actual y Visi\u00f3n Estrat\u00e9gica<\/div><!-- Story Description --><div class=\"twae-description\"><p>\u00bfC\u00f3mo estamos?, \u00bfC\u00f3mo nos vemos hoy?<\/p><\/div><\/div><\/div><!-- Start of Story Repeater Content --><div id=\"story-60efb2d\" class=\"twae-story twae-repeater-item twae-story-right twae-story-no-icon\"><!-- Story Label --><div class=\"twae-labels\"><div class=\"twae-label-big\">ETAPA 2<\/div><\/div><!-- Story Icon --><div class=\"twae-icon\"><\/div><!-- Story Arrow --><div class=\"twae-arrow\"><\/div><!-- Start of Story Content --><div class=\"twae-content\"><!-- Story Title --><div class=\"twae-title\">Elaborar el Escenario Tendencial.<\/div><!-- Story Description --><div class=\"twae-description\"><p>\u00bfPara d\u00f3nde vamos? \u00bfC\u00f3mo vemos San Carlos en 20 a\u00f1os si las cosas se mantienen como hasta ahora?<\/p><\/div><\/div><\/div><!-- Start of Story Repeater Content --><div id=\"story-d54de75\" class=\"twae-story twae-repeater-item twae-story-right twae-story-no-icon\"><!-- Story Label --><div class=\"twae-labels\"><div class=\"twae-label-big\">ETAPA 3<\/div><\/div><!-- Story Icon --><div class=\"twae-icon\"><\/div><!-- Story Arrow --><div class=\"twae-arrow\"><\/div><!-- Start of Story Content --><div class=\"twae-content\"><!-- Story Title --><div class=\"twae-title\">Elaborar el Escenario Deseado.<\/div><!-- Story Description --><div class=\"twae-description\"><p>\u00bfC\u00f3mo nos so\u00f1amos? \u00bfQu\u00e9 San Carlos deseamos para nuestros hijos y nietos?<\/p><\/div><\/div><\/div><!-- Start of Story Repeater Content --><div id=\"story-5c23ee6\" class=\"twae-story twae-repeater-item twae-story-right twae-story-no-icon\"><!-- Story Label --><div class=\"twae-labels\"><div class=\"twae-label-big\">ETAPA 4<\/div><\/div><!-- Story Icon --><div class=\"twae-icon\"><\/div><!-- Story Arrow --><div class=\"twae-arrow\"><\/div><!-- Start of Story Content --><div class=\"twae-content\"><!-- Story Title --><div class=\"twae-title\">Elaborar el Escenario Posible<\/div><!-- Story Description --><div class=\"twae-description\"><p>Que es el PLAN MUNICIPAL DE ORDENAMIENTO TERRITORIAL. El mismo debe incluir los planes, programas y proyectos que deber\u00e1n implementarse para hacer realidad este escenario.<br \/>\u00bfCu\u00e1l es el San Carlos posible? Dentro de los condicionantes locales, provinciales, nacionales y globales: \u00bfQu\u00e9 es lo mejor que podemos lograr? \u00bfQu\u00e9 tenemos que hacer para lograrlo?<\/p><\/div><\/div><\/div><!-- Start of Story Repeater Content --><div id=\"story-fe02307\" class=\"twae-story twae-repeater-item twae-story-right twae-story-no-icon\"><!-- Story Label --><div class=\"twae-labels\"><div class=\"twae-label-big\">ETAPA 5<\/div><\/div><!-- Story Icon --><div class=\"twae-icon\"><\/div><!-- Story Arrow --><div class=\"twae-arrow\"><\/div><!-- Start of Story Content --><div class=\"twae-content\"><!-- Story Title --><div class=\"twae-title\">Aprobaci\u00f3n del Plan. Audiencia p\u00fablica<\/div><!-- Story Description --><div class=\"twae-description\"><p>Con el plan elaborado se realiza una audiencia p\u00fablica para tener la validaci\u00f3n ciudadana. Luego el plan debe ser ratificado con una ordenanza del Honorable Concejo Deliberante.<br \/>Entre todos acordamos y nos comprometemos en un camino a seguir para lograrlo.<\/p><\/div><\/div><\/div><\/div>\n    <div class=\"twae-end\"><\/div>\n    <\/div><style type=\"text\/css\">.elementor-6 .elementor-element.elementor-element-129f940 .twae-wrapper.twae-vertical .twae-story{margin-bottom:60px!important}.elementor-6 .elementor-element.elementor-element-129f940 .twae-wrapper{--tw-cbx-title-color:#CB33E6;}.elementor-6 .elementor-element.elementor-element-129f940 .twae-wrapper{--tw-ibx-bg:#FFFFFF;}.elementor-6 .elementor-element.elementor-element-129f940 .twae-wrapper{--tw-cbx-bg:#FFFFFF}.elementor-6 .elementor-element.elementor-element-129f940 .twae-label-big{font-family:Montserrat;font-size:27px;}.elementor-6 .elementor-element.elementor-element-129f940 .twae-wrapper{--tw-lbl-big-size:27px}@media (max-width: 1024px){ .twae-wrapper{--tw-ybx-size: 80px !important;}}@media (max-width: 767px){ .twae-wrapper{--tw-ybx-size: 80px !important}}<\/style>\t\t\t\t<\/div>\n\t\t\t\t<\/div>\n\t\t\t\t\t<\/div>\n\t\t<\/div>\n\t\t\t\t\t<\/div>\n\t\t<\/section>\n\t\t\t\t<section class=\"elementor-section elementor-top-section elementor-element elementor-element-47b5e53 elementor-section-boxed elementor-section-height-default elementor-section-height-default\" data-id=\"47b5e53\" data-element_type=\"section\" data-e-type=\"section\" data-settings=\"{&quot;background_background&quot;:&quot;classic&quot;}\">\n\t\t\t\t\t\t<div class=\"elementor-container elementor-column-gap-default\">\n\t\t\t\t\t<div class=\"elementor-column elementor-col-100 elementor-top-column elementor-element elementor-element-a1d05db\" data-id=\"a1d05db\" data-element_type=\"column\" data-e-type=\"column\" data-settings=\"{&quot;background_background&quot;:&quot;classic&quot;}\">\n\t\t\t<div class=\"elementor-widget-wrap elementor-element-populated\">\n\t\t\t\t\t\t<section class=\"elementor-section elementor-inner-section elementor-element elementor-element-7b85a7e elementor-section-boxed elementor-section-height-default elementor-section-height-default\" data-id=\"7b85a7e\" data-element_type=\"section\" data-e-type=\"section\">\n\t\t\t\t\t\t<div class=\"elementor-container elementor-column-gap-default\">\n\t\t\t\t\t<div class=\"elementor-column elementor-col-100 elementor-inner-column elementor-element elementor-element-8612dde\" data-id=\"8612dde\" data-element_type=\"column\" data-e-type=\"column\">\n\t\t\t<div class=\"elementor-widget-wrap elementor-element-populated\">\n\t\t\t\t\t\t<div class=\"elementor-element elementor-element-3b5ec3b elementor-widget elementor-widget-text-editor\" data-id=\"3b5ec3b\" data-element_type=\"widget\" data-e-type=\"widget\" data-widget_type=\"text-editor.default\">\n\t\t\t\t<div class=\"elementor-widget-container\">\n\t\t\t\t\t\t\t\t\t<p>La provincia de Mendoza ya tiene un Plan de ordenamiento territorial expresado en la <a href=\"https:\/\/www.legislaturamendoza.gov.ar\/wp-content\/uploads\/2017\/12\/4_8999_plan_ordenamiento_territorial.pdf\" target=\"_blank\" rel=\"noopener\">Ley N\u00ba 8.999: Plan Provincial de Ordenamiento Territorial<\/a><\/p><p>Ahora los Sancarlinos debemos definir nuestro propio plan, enmarcado en los lineamientos del Plan de la Provincia.<\/p>\t\t\t\t\t\t\t\t<\/div>\n\t\t\t\t<\/div>\n\t\t\t\t\t<\/div>\n\t\t<\/div>\n\t\t\t\t\t<\/div>\n\t\t<\/section>\n\t\t\t\t\t<\/div>\n\t\t<\/div>\n\t\t\t\t\t<\/div>\n\t\t<\/section>\n\t\t\t\t<section class=\"elementor-section elementor-top-section elementor-element elementor-element-d2b1fee elementor-section-boxed elementor-section-height-default elementor-section-height-default\" data-id=\"d2b1fee\" data-element_type=\"section\" data-e-type=\"section\">\n\t\t\t\t\t\t<div class=\"elementor-container elementor-column-gap-default\">\n\t\t\t\t\t<div class=\"elementor-column elementor-col-100 elementor-top-column elementor-element elementor-element-58985af\" data-id=\"58985af\" data-element_type=\"column\" data-e-type=\"column\">\n\t\t\t<div class=\"elementor-widget-wrap elementor-element-populated\">\n\t\t\t\t\t\t<section class=\"elementor-section elementor-inner-section elementor-element elementor-element-beafce7 elementor-section-boxed elementor-section-height-default elementor-section-height-default\" data-id=\"beafce7\" data-element_type=\"section\" data-e-type=\"section\">\n\t\t\t\t\t\t<div class=\"elementor-container elementor-column-gap-default\">\n\t\t\t\t\t<div class=\"elementor-column elementor-col-100 elementor-inner-column elementor-element elementor-element-a5f1283\" data-id=\"a5f1283\" data-element_type=\"column\" data-e-type=\"column\">\n\t\t\t<div class=\"elementor-widget-wrap elementor-element-populated\">\n\t\t\t\t\t\t<div class=\"elementor-element elementor-element-23fd0b5 elementor-widget elementor-widget-text-editor\" data-id=\"23fd0b5\" data-element_type=\"widget\" data-e-type=\"widget\" data-widget_type=\"text-editor.default\">\n\t\t\t\t<div class=\"elementor-widget-container\">\n\t\t\t\t\t\t\t\t\t<p>El POT organiza el territorio de tal forma de colaborar con la soluci\u00f3n de las necesidades de sus habitantes. Sus objetivos principales son:<\/p>\t\t\t\t\t\t\t\t<\/div>\n\t\t\t\t<\/div>\n\t\t\t\t\t<\/div>\n\t\t<\/div>\n\t\t\t\t\t<\/div>\n\t\t<\/section>\n\t\t\t\t<section class=\"elementor-section elementor-inner-section elementor-element elementor-element-4e5d5d6 elementor-section-content-middle elementor-section-boxed elementor-section-height-default elementor-section-height-default\" data-id=\"4e5d5d6\" data-element_type=\"section\" data-e-type=\"section\">\n\t\t\t\t\t\t<div class=\"elementor-container elementor-column-gap-default\">\n\t\t\t\t\t<div class=\"elementor-column elementor-col-50 elementor-inner-column elementor-element elementor-element-92a343a\" data-id=\"92a343a\" data-element_type=\"column\" data-e-type=\"column\">\n\t\t\t<div class=\"elementor-widget-wrap elementor-element-populated\">\n\t\t\t\t\t\t<div class=\"elementor-element elementor-element-d95c7eb elementor-view-default elementor-widget elementor-widget-icon\" data-id=\"d95c7eb\" data-element_type=\"widget\" data-e-type=\"widget\" data-widget_type=\"icon.default\">\n\t\t\t\t<div class=\"elementor-widget-container\">\n\t\t\t\t\t\t\t<div class=\"elementor-icon-wrapper\">\n\t\t\t<div class=\"elementor-icon\">\n\t\t\t<i aria-hidden=\"true\" class=\"far fa-check-circle\"><\/i>\t\t\t<\/div>\n\t\t<\/div>\n\t\t\t\t\t\t<\/div>\n\t\t\t\t<\/div>\n\t\t\t\t\t<\/div>\n\t\t<\/div>\n\t\t\t\t<div class=\"elementor-column elementor-col-50 elementor-inner-column elementor-element elementor-element-4d636f2\" data-id=\"4d636f2\" data-element_type=\"column\" data-e-type=\"column\">\n\t\t\t<div class=\"elementor-widget-wrap elementor-element-populated\">\n\t\t\t\t\t\t<div class=\"elementor-element elementor-element-0d40c29 elementor-widget elementor-widget-text-editor\" data-id=\"0d40c29\" data-element_type=\"widget\" data-e-type=\"widget\" data-widget_type=\"text-editor.default\">\n\t\t\t\t<div class=\"elementor-widget-container\">\n\t\t\t\t\t\t\t\t\t<p>Identificar y delimitar las unidades territoriales homog\u00e9neas dentro de la clasificaci\u00f3n promovida por la provincia en la <a href=\"https:\/\/www.legislaturamendoza.gov.ar\/busqueda\/_lib\/tmp\/sc_pdf_20201105104734_858_pdfreport_ley.pdf\" target=\"_blank\" rel=\"noopener\">Ley de Ordenamiento Territorial y Usos del Suelo 8.051\u00a0<\/a><\/p>\t\t\t\t\t\t\t\t<\/div>\n\t\t\t\t<\/div>\n\t\t\t\t\t<\/div>\n\t\t<\/div>\n\t\t\t\t\t<\/div>\n\t\t<\/section>\n\t\t\t\t<section class=\"elementor-section elementor-inner-section elementor-element elementor-element-e170c56 elementor-section-content-middle elementor-section-boxed elementor-section-height-default elementor-section-height-default\" data-id=\"e170c56\" data-element_type=\"section\" data-e-type=\"section\">\n\t\t\t\t\t\t<div class=\"elementor-container elementor-column-gap-default\">\n\t\t\t\t\t<div class=\"elementor-column elementor-col-50 elementor-inner-column elementor-element elementor-element-dc8b40f\" data-id=\"dc8b40f\" data-element_type=\"column\" data-e-type=\"column\">\n\t\t\t<div class=\"elementor-widget-wrap elementor-element-populated\">\n\t\t\t\t\t\t<div class=\"elementor-element elementor-element-8882cf6 elementor-view-default elementor-widget elementor-widget-icon\" data-id=\"8882cf6\" data-element_type=\"widget\" data-e-type=\"widget\" data-widget_type=\"icon.default\">\n\t\t\t\t<div class=\"elementor-widget-container\">\n\t\t\t\t\t\t\t<div class=\"elementor-icon-wrapper\">\n\t\t\t<div class=\"elementor-icon\">\n\t\t\t<i aria-hidden=\"true\" class=\"far fa-check-circle\"><\/i>\t\t\t<\/div>\n\t\t<\/div>\n\t\t\t\t\t\t<\/div>\n\t\t\t\t<\/div>\n\t\t\t\t\t<\/div>\n\t\t<\/div>\n\t\t\t\t<div class=\"elementor-column elementor-col-50 elementor-inner-column elementor-element elementor-element-3360a0c\" data-id=\"3360a0c\" data-element_type=\"column\" data-e-type=\"column\">\n\t\t\t<div class=\"elementor-widget-wrap elementor-element-populated\">\n\t\t\t\t\t\t<div class=\"elementor-element elementor-element-0542217 elementor-widget elementor-widget-text-editor\" data-id=\"0542217\" data-element_type=\"widget\" data-e-type=\"widget\" data-widget_type=\"text-editor.default\">\n\t\t\t\t<div class=\"elementor-widget-container\">\n\t\t\t\t\t\t\t\t\t<p>Identificar y reconocer la vocaci\u00f3n socio-econ\u00f3mica de las mismas a partir del an\u00e1lisis de los factores biof\u00edsicos y su interacci\u00f3n con los procesos sociales que acontecen;<\/p>\t\t\t\t\t\t\t\t<\/div>\n\t\t\t\t<\/div>\n\t\t\t\t\t<\/div>\n\t\t<\/div>\n\t\t\t\t\t<\/div>\n\t\t<\/section>\n\t\t\t\t<section class=\"elementor-section elementor-inner-section elementor-element elementor-element-6c23ba9 elementor-section-content-middle elementor-section-boxed elementor-section-height-default elementor-section-height-default\" data-id=\"6c23ba9\" data-element_type=\"section\" data-e-type=\"section\">\n\t\t\t\t\t\t<div class=\"elementor-container elementor-column-gap-default\">\n\t\t\t\t\t<div class=\"elementor-column elementor-col-50 elementor-inner-column elementor-element elementor-element-5d51767\" data-id=\"5d51767\" data-element_type=\"column\" data-e-type=\"column\">\n\t\t\t<div class=\"elementor-widget-wrap elementor-element-populated\">\n\t\t\t\t\t\t<div class=\"elementor-element elementor-element-c79fdfe elementor-view-default elementor-widget elementor-widget-icon\" data-id=\"c79fdfe\" data-element_type=\"widget\" data-e-type=\"widget\" data-widget_type=\"icon.default\">\n\t\t\t\t<div class=\"elementor-widget-container\">\n\t\t\t\t\t\t\t<div class=\"elementor-icon-wrapper\">\n\t\t\t<div class=\"elementor-icon\">\n\t\t\t<i aria-hidden=\"true\" class=\"far fa-check-circle\"><\/i>\t\t\t<\/div>\n\t\t<\/div>\n\t\t\t\t\t\t<\/div>\n\t\t\t\t<\/div>\n\t\t\t\t\t<\/div>\n\t\t<\/div>\n\t\t\t\t<div class=\"elementor-column elementor-col-50 elementor-inner-column elementor-element elementor-element-b72a1e5\" data-id=\"b72a1e5\" data-element_type=\"column\" data-e-type=\"column\">\n\t\t\t<div class=\"elementor-widget-wrap elementor-element-populated\">\n\t\t\t\t\t\t<div class=\"elementor-element elementor-element-cce97b7 elementor-widget elementor-widget-text-editor\" data-id=\"cce97b7\" data-element_type=\"widget\" data-e-type=\"widget\" data-widget_type=\"text-editor.default\">\n\t\t\t\t<div class=\"elementor-widget-container\">\n\t\t\t\t\t\t\t\t\t<p>Definir dentro de cada unidad territorial las actividades compatibles e incompatibles con sus caracter\u00edsticas intr\u00ednsecas;<\/p>\t\t\t\t\t\t\t\t<\/div>\n\t\t\t\t<\/div>\n\t\t\t\t\t<\/div>\n\t\t<\/div>\n\t\t\t\t\t<\/div>\n\t\t<\/section>\n\t\t\t\t\t<\/div>\n\t\t<\/div>\n\t\t\t\t\t<\/div>\n\t\t<\/section>\n\t\t\t\t<section class=\"elementor-section elementor-top-section elementor-element elementor-element-39269f3 elementor-section-boxed elementor-section-height-default elementor-section-height-default\" data-id=\"39269f3\" data-element_type=\"section\" data-e-type=\"section\" data-settings=\"{&quot;background_background&quot;:&quot;classic&quot;}\">\n\t\t\t\t\t\t<div class=\"elementor-container elementor-column-gap-default\">\n\t\t\t\t\t<div class=\"elementor-column elementor-col-50 elementor-top-column elementor-element elementor-element-e38d27c\" data-id=\"e38d27c\" data-element_type=\"column\" data-e-type=\"column\">\n\t\t\t<div class=\"elementor-widget-wrap\">\n\t\t\t\t\t\t\t<\/div>\n\t\t<\/div>\n\t\t\t\t<div class=\"elementor-column elementor-col-50 elementor-top-column elementor-element elementor-element-6f9caf6\" data-id=\"6f9caf6\" data-element_type=\"column\" data-e-type=\"column\">\n\t\t\t<div class=\"elementor-widget-wrap elementor-element-populated\">\n\t\t\t\t\t\t<div class=\"elementor-element elementor-element-07c218a elementor-align-justify elementor-widget elementor-widget-button\" data-id=\"07c218a\" data-element_type=\"widget\" data-e-type=\"widget\" data-widget_type=\"button.default\">\n\t\t\t\t<div class=\"elementor-widget-container\">\n\t\t\t\t\t\t\t\t\t<div class=\"elementor-button-wrapper\">\n\t\t\t\t\t<a class=\"elementor-button elementor-button-link elementor-size-sm elementor-animation-float\" href=\"http:\/\/sancarlos.gob.ar\/plan-de-ordenamiento-territorial\/etapa-1\/\">\n\t\t\t\t\t\t<span class=\"elementor-button-content-wrapper\">\n\t\t\t\t\t\t<span class=\"elementor-button-icon\">\n\t\t\t\t<i aria-hidden=\"true\" class=\"fas fa-arrow-right\"><\/i>\t\t\t<\/span>\n\t\t\t\t\t\t\t\t\t<span class=\"elementor-button-text\">Etapa 1: \u00bfC\u00f3mo estamos?<\/span>\n\t\t\t\t\t<\/span>\n\t\t\t\t\t<\/a>\n\t\t\t\t<\/div>\n\t\t\t\t\t\t\t\t<\/div>\n\t\t\t\t<\/div>\n\t\t\t\t\t<\/div>\n\t\t<\/div>\n\t\t\t\t\t<\/div>\n\t\t<\/section>\n\t\t\t\t<\/div>\n\t\t","protected":false},"excerpt":{"rendered":"<p>El ordenamiento territorial es la forma en que una comunidad decide ocupar, usar y cuidar su territorio, teniendo en cuenta el desarrollo de las actividades presentes y considerando las necesidades futuras en el contexto de cambio clim\u00e1tico. El Plan de Ordenamiento Territorial (POT) es el documento donde la comunidad expresa la estrategia de organizaci\u00f3n del [&hellip;]<\/p>\n","protected":false},"author":1,"featured_media":0,"parent":0,"menu_order":0,"comment_status":"closed","ping_status":"closed","template":"elementor_header_footer","meta":{"footnotes":""},"class_list":["post-6","page","type-page","status-publish","hentry"],"_links":{"self":[{"href":"https:\/\/sancarlos.gob.ar\/plan-de-ordenamiento-territorial\/wp-json\/wp\/v2\/pages\/6","targetHints":{"allow":["GET"]}}],"collection":[{"href":"https:\/\/sancarlos.gob.ar\/plan-de-ordenamiento-territorial\/wp-json\/wp\/v2\/pages"}],"about":[{"href":"https:\/\/sancarlos.gob.ar\/plan-de-ordenamiento-territorial\/wp-json\/wp\/v2\/types\/page"}],"author":[{"embeddable":true,"href":"https:\/\/sancarlos.gob.ar\/plan-de-ordenamiento-territorial\/wp-json\/wp\/v2\/users\/1"}],"replies":[{"embeddable":true,"href":"https:\/\/sancarlos.gob.ar\/plan-de-ordenamiento-territorial\/wp-json\/wp\/v2\/comments?post=6"}],"version-history":[{"count":61,"href":"https:\/\/sancarlos.gob.ar\/plan-de-ordenamiento-territorial\/wp-json\/wp\/v2\/pages\/6\/revisions"}],"predecessor-version":[{"id":409,"href":"https:\/\/sancarlos.gob.ar\/plan-de-ordenamiento-territorial\/wp-json\/wp\/v2\/pages\/6\/revisions\/409"}],"wp:attachment":[{"href":"https:\/\/sancarlos.gob.ar\/plan-de-ordenamiento-territorial\/wp-json\/wp\/v2\/media?parent=6"}],"curies":[{"name":"wp","href":"https:\/\/api.w.org\/{rel}","templated":true}]}}