{"id":188,"date":"2020-11-24T12:54:26","date_gmt":"2020-11-24T15:54:26","guid":{"rendered":"https:\/\/sancarlos.gob.ar\/plan-de-ordenamiento-territorial\/?page_id=188"},"modified":"2020-12-15T10:29:56","modified_gmt":"2020-12-15T13:29:56","slug":"etapa-5","status":"publish","type":"page","link":"https:\/\/sancarlos.gob.ar\/plan-de-ordenamiento-territorial\/etapa-5\/","title":{"rendered":"Etapa 5"},"content":{"rendered":"\t\t<div data-elementor-type=\"wp-page\" data-elementor-id=\"188\" class=\"elementor elementor-188\">\n\t\t\t\t\t\t<section class=\"elementor-section elementor-top-section elementor-element elementor-element-58b4fc2 elementor-section-height-min-height elementor-section-boxed elementor-section-height-default elementor-section-items-middle\" data-id=\"58b4fc2\" data-element_type=\"section\" data-e-type=\"section\" data-settings=\"{&quot;background_background&quot;:&quot;classic&quot;}\">\n\t\t\t\t\t\t<div class=\"elementor-container elementor-column-gap-default\">\n\t\t\t\t\t<div class=\"elementor-column elementor-col-100 elementor-top-column elementor-element elementor-element-104676d\" data-id=\"104676d\" data-element_type=\"column\" data-e-type=\"column\">\n\t\t\t<div class=\"elementor-widget-wrap elementor-element-populated\">\n\t\t\t\t\t\t<div class=\"elementor-element elementor-element-25aa66d elementor-widget elementor-widget-heading\" data-id=\"25aa66d\" data-element_type=\"widget\" data-e-type=\"widget\" data-widget_type=\"heading.default\">\n\t\t\t\t<div class=\"elementor-widget-container\">\n\t\t\t\t\t<h1 class=\"elementor-heading-title elementor-size-default\">Etapa 5: APROBACI\u00d3N DEL PLAN\n\n<\/h1>\t\t\t\t<\/div>\n\t\t\t\t<\/div>\n\t\t\t\t<div class=\"elementor-element elementor-element-1fa59c5 elementor-widget elementor-widget-text-editor\" data-id=\"1fa59c5\" data-element_type=\"widget\" data-e-type=\"widget\" data-widget_type=\"text-editor.default\">\n\t\t\t\t<div class=\"elementor-widget-container\">\n\t\t\t\t\t\t\t\t\t<p>Audiencia P\u00fablica y Ordenanza<\/p>\t\t\t\t\t\t\t\t<\/div>\n\t\t\t\t<\/div>\n\t\t\t\t\t<\/div>\n\t\t<\/div>\n\t\t\t\t\t<\/div>\n\t\t<\/section>\n\t\t\t\t<section class=\"elementor-section elementor-top-section elementor-element elementor-element-9442b01 elementor-section-boxed elementor-section-height-default elementor-section-height-default\" data-id=\"9442b01\" data-element_type=\"section\" data-e-type=\"section\">\n\t\t\t\t\t\t<div class=\"elementor-container elementor-column-gap-default\">\n\t\t\t\t\t<div class=\"elementor-column elementor-col-100 elementor-top-column elementor-element elementor-element-d8341b9\" data-id=\"d8341b9\" data-element_type=\"column\" data-e-type=\"column\">\n\t\t\t<div class=\"elementor-widget-wrap elementor-element-populated\">\n\t\t\t\t\t\t<div class=\"elementor-element elementor-element-64b02c5 elementor-widget elementor-widget-text-editor\" data-id=\"64b02c5\" data-element_type=\"widget\" data-e-type=\"widget\" data-widget_type=\"text-editor.default\">\n\t\t\t\t<div class=\"elementor-widget-container\">\n\t\t\t\t\t\t\t\t\t<p>Con el aporte de los ciudadanos, los talleres que realizaremos en los distritos, y las reuniones sectoriales, terminaremos de redactar los planes, programas y proyectos que conforman el Plan de ordenamiento territorial Con el plan casi terminado, la ley 8.051\/09 prev\u00e9 una validaci\u00f3n ciudadana final a trav\u00e9s de una <strong>audiencia p\u00fablica<\/strong>, luego se har\u00e1n las correcciones finales con los aportes de los ciudadanos, y finalmente debe ser ratificado por el Honorable Concejo Deliberante con una <strong>ordenanza<\/strong>. Este \u00faltimo acto nos permitir\u00e1 tener nuestro PLAN MUNICIPAL DE ORDENAMIENTO TERRITORIAL que ser\u00e1 pol\u00edtica de estado y deber\u00e1 ser cumplido por este y los futuros gobiernos municipales.<\/p>\t\t\t\t\t\t\t\t<\/div>\n\t\t\t\t<\/div>\n\t\t\t\t\t<\/div>\n\t\t<\/div>\n\t\t\t\t\t<\/div>\n\t\t<\/section>\n\t\t\t\t<section class=\"elementor-section elementor-top-section elementor-element elementor-element-434e3d6 elementor-section-boxed elementor-section-height-default elementor-section-height-default\" data-id=\"434e3d6\" data-element_type=\"section\" data-e-type=\"section\" data-settings=\"{&quot;background_background&quot;:&quot;classic&quot;}\">\n\t\t\t\t\t\t<div class=\"elementor-container elementor-column-gap-default\">\n\t\t\t\t\t<div class=\"elementor-column elementor-col-50 elementor-top-column elementor-element elementor-element-88ed923\" data-id=\"88ed923\" data-element_type=\"column\" data-e-type=\"column\">\n\t\t\t<div class=\"elementor-widget-wrap elementor-element-populated\">\n\t\t\t\t\t\t<div class=\"elementor-element elementor-element-e25f8e5 elementor-align-justify elementor-widget elementor-widget-button\" data-id=\"e25f8e5\" data-element_type=\"widget\" data-e-type=\"widget\" data-widget_type=\"button.default\">\n\t\t\t\t<div class=\"elementor-widget-container\">\n\t\t\t\t\t\t\t\t\t<div class=\"elementor-button-wrapper\">\n\t\t\t\t\t<a class=\"elementor-button elementor-button-link elementor-size-sm elementor-animation-float\" href=\"http:\/\/sancarlos.gob.ar\/plan-de-ordenamiento-territorial\/etapa-4\/\">\n\t\t\t\t\t\t<span class=\"elementor-button-content-wrapper\">\n\t\t\t\t\t\t<span class=\"elementor-button-icon\">\n\t\t\t\t<i aria-hidden=\"true\" class=\"fas fa-arrow-left\"><\/i>\t\t\t<\/span>\n\t\t\t\t\t\t\t\t\t<span class=\"elementor-button-text\">Etapa 4: \u00bfC\u00f3mo lo logramos?<\/span>\n\t\t\t\t\t<\/span>\n\t\t\t\t\t<\/a>\n\t\t\t\t<\/div>\n\t\t\t\t\t\t\t\t<\/div>\n\t\t\t\t<\/div>\n\t\t\t\t\t<\/div>\n\t\t<\/div>\n\t\t\t\t<div class=\"elementor-column elementor-col-50 elementor-top-column elementor-element elementor-element-a1b7f19\" data-id=\"a1b7f19\" data-element_type=\"column\" data-e-type=\"column\">\n\t\t\t<div class=\"elementor-widget-wrap elementor-element-populated\">\n\t\t\t\t\t\t<div class=\"elementor-element elementor-element-5462fa2 elementor-align-justify elementor-widget elementor-widget-button\" data-id=\"5462fa2\" data-element_type=\"widget\" data-e-type=\"widget\" data-widget_type=\"button.default\">\n\t\t\t\t<div class=\"elementor-widget-container\">\n\t\t\t\t\t\t\t\t\t<div class=\"elementor-button-wrapper\">\n\t\t\t\t\t<a class=\"elementor-button elementor-button-link elementor-size-sm elementor-animation-float\" href=\"http:\/\/sancarlos.gob.ar\/plan-de-ordenamiento-territorial\/cuestionario\/\">\n\t\t\t\t\t\t<span class=\"elementor-button-content-wrapper\">\n\t\t\t\t\t\t<span class=\"elementor-button-icon\">\n\t\t\t\t<i aria-hidden=\"true\" class=\"fas fa-arrow-right\"><\/i>\t\t\t<\/span>\n\t\t\t\t\t\t\t\t\t<span class=\"elementor-button-text\">Sum\u00e1 tu aporte<\/span>\n\t\t\t\t\t<\/span>\n\t\t\t\t\t<\/a>\n\t\t\t\t<\/div>\n\t\t\t\t\t\t\t\t<\/div>\n\t\t\t\t<\/div>\n\t\t\t\t\t<\/div>\n\t\t<\/div>\n\t\t\t\t\t<\/div>\n\t\t<\/section>\n\t\t\t\t<\/div>\n\t\t","protected":false},"excerpt":{"rendered":"<p>Etapa 5: APROBACI\u00d3N DEL PLAN Audiencia P\u00fablica y Ordenanza Con el aporte de los ciudadanos, los talleres que realizaremos en los distritos, y las reuniones sectoriales, terminaremos de redactar los planes, programas y proyectos que conforman el Plan de ordenamiento territorial Con el plan casi terminado, la ley 8.051\/09 prev\u00e9 una validaci\u00f3n ciudadana final a [&hellip;]<\/p>\n","protected":false},"author":1,"featured_media":0,"parent":0,"menu_order":0,"comment_status":"closed","ping_status":"closed","template":"elementor_header_footer","meta":{"footnotes":""},"class_list":["post-188","page","type-page","status-publish","hentry"],"_links":{"self":[{"href":"https:\/\/sancarlos.gob.ar\/plan-de-ordenamiento-territorial\/wp-json\/wp\/v2\/pages\/188","targetHints":{"allow":["GET"]}}],"collection":[{"href":"https:\/\/sancarlos.gob.ar\/plan-de-ordenamiento-territorial\/wp-json\/wp\/v2\/pages"}],"about":[{"href":"https:\/\/sancarlos.gob.ar\/plan-de-ordenamiento-territorial\/wp-json\/wp\/v2\/types\/page"}],"author":[{"embeddable":true,"href":"https:\/\/sancarlos.gob.ar\/plan-de-ordenamiento-territorial\/wp-json\/wp\/v2\/users\/1"}],"replies":[{"embeddable":true,"href":"https:\/\/sancarlos.gob.ar\/plan-de-ordenamiento-territorial\/wp-json\/wp\/v2\/comments?post=188"}],"version-history":[{"count":10,"href":"https:\/\/sancarlos.gob.ar\/plan-de-ordenamiento-territorial\/wp-json\/wp\/v2\/pages\/188\/revisions"}],"predecessor-version":[{"id":395,"href":"https:\/\/sancarlos.gob.ar\/plan-de-ordenamiento-territorial\/wp-json\/wp\/v2\/pages\/188\/revisions\/395"}],"wp:attachment":[{"href":"https:\/\/sancarlos.gob.ar\/plan-de-ordenamiento-territorial\/wp-json\/wp\/v2\/media?parent=188"}],"curies":[{"name":"wp","href":"https:\/\/api.w.org\/{rel}","templated":true}]}}